{"id":1975,"date":"2024-08-27T14:30:51","date_gmt":"2024-08-27T14:30:51","guid":{"rendered":"https:\/\/casasdofavacal.com\/termos-e-condicoes\/"},"modified":"2024-09-14T09:13:36","modified_gmt":"2024-09-14T09:13:36","slug":"termos-e-condicoes","status":"publish","type":"page","link":"https:\/\/casasdofavacal.com\/pt-pt\/termos-e-condicoes\/","title":{"rendered":"Termos e condi\u00e7\u00f5es"},"content":{"rendered":"<div class=\"fusion-fullwidth fullwidth-box fusion-builder-row-1 fusion-flex-container has-pattern-background has-mask-background nonhundred-percent-fullwidth non-hundred-percent-height-scrolling\" style=\"--awb-border-radius-top-left:0px;--awb-border-radius-top-right:0px;--awb-border-radius-bottom-right:0px;--awb-border-radius-bottom-left:0px;--awb-flex-wrap:wrap;\" ><div class=\"fusion-builder-row fusion-row fusion-flex-align-items-flex-start fusion-flex-content-wrap\" style=\"max-width:1248px;margin-left: calc(-4% \/ 2 );margin-right: calc(-4% \/ 2 );\"><div class=\"fusion-layout-column fusion_builder_column fusion-builder-column-0 fusion_builder_column_1_1 1_1 fusion-flex-column\" style=\"--awb-bg-size:cover;--awb-width-large:100%;--awb-margin-top-large:0px;--awb-spacing-right-large:1.92%;--awb-margin-bottom-large:20px;--awb-spacing-left-large:1.92%;--awb-width-medium:100%;--awb-order-medium:0;--awb-spacing-right-medium:1.92%;--awb-spacing-left-medium:1.92%;--awb-width-small:100%;--awb-order-small:0;--awb-spacing-right-small:1.92%;--awb-spacing-left-small:1.92%;\"><div class=\"fusion-column-wrapper fusion-column-has-shadow fusion-flex-justify-content-flex-start fusion-content-layout-column\"><div class=\"fusion-text fusion-text-1\"><p><strong>TERMOS E CONDI\u00c7\u00d5ES DO SERVI\u00c7O<\/strong> Ao reservar connosco, concordas com os seguintes termos e condi\u00e7\u00f5es.<br \/>\nSe tiveres alguma quest\u00e3o ou d\u00favida sobre a reserva connosco, contacta-nos com anteced\u00eancia para obteres mais informa\u00e7\u00f5es.   <strong>POL\u00cdTICA DE RESERVA E CANCELAMENTO<\/strong><\/p>\n<p><strong>Pol\u00edtica de reservas<\/strong><\/p>\n<div>As reservas s\u00e3o confirmadas com o pagamento antecipado de 50% do custo.<\/div>\n<div>Paga o saldo restante uma semana (7 dias) antes da chegada.<\/div>\n<p>  Reservas efectuadas por transfer\u00eancia banc\u00e1ria, IBAN PT50003502190001490593028, o cliente ter\u00e1 48 horas para efetuar a transfer\u00eancia e enviar o comprovativo para https (endere\u00e7o do site).<br \/>\nEstadia m\u00ednima de 2 noites.   <strong>Pol\u00edtica de cancelamento<\/strong><\/p>\n<ul>\n<li>15 ou mais dias antes da chegada &#8211; o cancelamento pode ser efectuado sem custos e o dep\u00f3sito reembolsado<\/li>\n<li>Entre 7 e 14 dias antes da chegada &#8211; penaliza\u00e7\u00e3o de 50%.<\/li>\n<li>Menos de 7 dias antes da chegada &#8211; penaliza\u00e7\u00e3o de 100% do valor total da reserva<\/li>\n<li>N\u00e3o compar\u00eancia &#8211; penaliza\u00e7\u00e3o de 100% do valor total da reserva<\/li>\n<\/ul>\n<p>  Reservamo-nos o direito de anular a reserva, caso em que todos os pagamentos j\u00e1 efectuados ser\u00e3o reembolsados.<br \/>\nNesta eventualidade remota de cancelamento, a nossa responsabilidade perante o cliente limita-se ao reembolso dos pagamentos j\u00e1 efectuados.<br \/>\nOs clientes que necessitem de cancelar uma reserva devem contactar-nos o mais rapidamente poss\u00edvel. <strong>TERMOS E CONDI\u00c7\u00d5ES<\/strong> Ao reservar connosco, aceita os seguintes termos e condi\u00e7\u00f5es.<br \/>\nSe tiveres alguma quest\u00e3o ou d\u00favida sobre a reserva connosco, contacta-nos antecipadamente para mais informa\u00e7\u00f5es. <strong>DECLARA\u00c7\u00c3O DE PRIVACIDADE<\/strong> Esta declara\u00e7\u00e3o de privacidade \u00e9 v\u00e1lida para https\/&#8230;&#8230;&#8230;&#8230;&#8230;&#8230;.<br \/>\nque pertence e \u00e9 gerido por Peter John Craft.<br \/>\nEsta Declara\u00e7\u00e3o de Privacidade descreve a forma como recolhemos e utilizamos a informa\u00e7\u00e3o, que pode incluir dados pessoais que nos indiques neste s\u00edtio. <strong>Recolha de informa\u00e7\u00f5es<\/strong> Os tipos de informa\u00e7\u00f5es pessoais que recolhemos incluem &#8211; O teu nome, morada, endere\u00e7o de correio eletr\u00f3nico e n\u00famero de telefone.       <\/p>\n<ul>\n<li>Dados do cart\u00e3o de cr\u00e9dito (tipo de cart\u00e3o, n\u00famero do cart\u00e3o de cr\u00e9dito, nome do titular do cart\u00e3o, data de validade e c\u00f3digo de seguran\u00e7a).<\/li>\n<li>Informa\u00e7\u00f5es sobre a estadia do h\u00f3spede, incluindo datas de chegada e partida, pedidos especiais efectuados, notas sobre as prefer\u00eancias de servi\u00e7o (incluindo prefer\u00eancias de quarto, comodidades ou quaisquer outros servi\u00e7os utilizados).<\/li>\n<\/ul>\n<p>  A informa\u00e7\u00e3o que forneces sobre as tuas prefer\u00eancias de marketing ou atrav\u00e9s da participa\u00e7\u00e3o em inqu\u00e9ritos, concursos ou ofertas promocionais. <strong>Finalidade do processamento<\/strong> 1 Reservas: Utilizamos os teus dados pessoais para completar e gerir a tua reserva online.<br \/>\n2 Servi\u00e7o de apoio ao cliente: Utilizamos os teus dados pessoais para prestar apoio ao cliente.<br \/>\n3 Coment\u00e1rios dos h\u00f3spedes: Podemos utilizar os teus dados de contacto para te convidar por e-mail a escrever um coment\u00e1rio ap\u00f3s a tua estadia.<br \/>\nAo faz\u00ea-lo, podes ajudar outros viajantes a escolher o alojamento mais adequado.<br \/>\nSe enviares um coment\u00e1rio, este poder\u00e1 ser publicado no nosso s\u00edtio Web.<br \/>\n4 Actividades de marketing: Tamb\u00e9m utilizamos os teus dados para actividades relacionadas com marketing, conforme permitido por lei.<br \/>\nQuando utilizamos os teus dados pessoais para fins de marketing direto, tais como newsletters comerciais e comunica\u00e7\u00f5es de marketing sobre novos servi\u00e7os e produtos ou outras ofertas que pensamos que te possam interessar, inclu\u00edmos uma liga\u00e7\u00e3o que podes utilizar se n\u00e3o quiseres que te enviemos mensagens no futuro.<br \/>\n5 Outras comunica\u00e7\u00f5es: Poder\u00e1 haver outras ocasi\u00f5es em que te contactemos por e-mail, correio, telefone ou mensagem de texto, dependendo dos dados de contacto que partilhes connosco.<br \/>\n6 \u00c2mbito legal: Em certos casos, precisamos de utilizar as informa\u00e7\u00f5es que nos forneces, que podem incluir dados pessoais, para tratar e resolver lit\u00edgios ou queixas legais, para investiga\u00e7\u00f5es legais, para executar acordos ou para responder a pedidos legais das autoridades competentes (por exemplo, comunica\u00e7\u00f5es ao SEF), na medida em que tal seja exigido por lei.<br \/>\nSe utilizarmos meios automatizados para processar dados pessoais que tenham efeitos legais ou que te afectem significativamente, implementaremos medidas adequadas para salvaguardar os teus direitos e liberdades, incluindo o direito de obter interven\u00e7\u00e3o humana. <strong>N\u00daMERO DE H\u00d3SPEDES<\/strong> O n\u00famero m\u00e1ximo de h\u00f3spedes por quarto est\u00e1 indicado nos detalhes de ocupa\u00e7\u00e3o do quarto no s\u00edtio Web.<br \/>\nQuando a pessoa que efectua a reserva \u00e9 diferente do h\u00f3spede principal que assume a ocupa\u00e7\u00e3o, a primeira pessoa pode ser considerada respons\u00e1vel pelo cancelamento, n\u00e3o chegada e danos, tal como estabelecido.<br \/>\nApenas o h\u00f3spede principal e a pessoa que efectuou a reserva est\u00e3o autorizados a utilizar a propriedade e as suas instala\u00e7\u00f5es, quaisquer visitantes terceiros s\u00f3 t\u00eam acesso com a nossa autoriza\u00e7\u00e3o expressa.<br \/>\nOs h\u00f3spedes concordam em respeitar a privacidade e a paz de todos os outros h\u00f3spedes, vizinhos e propriet\u00e1rios.<br \/>\nReservamo-nos o direito de cancelar uma reserva com efeito imediato se os h\u00f3spedes n\u00e3o honrarem este acordo. <strong>CHECK-IN E CHECK-OUT<\/strong> &#8211; Faz o check-in a partir das 15:00 horas.<br \/>\nPermitimos check-ins tardios, a pedido do h\u00f3spede e sujeitos a confirma\u00e7\u00e3o.<br \/>\n&#8211; Faz o check-out at\u00e9 \u00e0s 11:00 horas do dia de partida. <strong>WI-FI <\/strong> Quando o acesso \u00e0 Internet Wi-Fi \u00e9 fornecido, os h\u00f3spedes aceitam utiliz\u00e1-lo de forma justa e adequada. <strong>DANOS <\/strong> Reservamo-nos o direito de cobrar aos h\u00f3spedes quaisquer danos causados no decurso de uma reserva por qualquer membro do grupo de reserva.<br \/>\nIsto inclui quebras, derrames, manchas, danos na mob\u00edlia, acess\u00f3rios ou acess\u00f3rios.<br \/>\nQuaisquer danos acidentais devem ser comunicados o mais rapidamente poss\u00edvel, de modo a minimizar os danos e os custos associados. <strong>BENS PERDIDOS<\/strong> Qualquer bem perdido deixado pelos h\u00f3spedes, se for descoberto e encontrado, ser\u00e1 guardado por um per\u00edodo de 1 m\u00eas.<br \/>\nFaremos o nosso melhor para devolver a propriedade perdida aos propriet\u00e1rios, mas n\u00e3o aceitamos qualquer responsabilidade na substitui\u00e7\u00e3o de objectos perdidos.                   Recomendamos aos h\u00f3spedes que se certifiquem de que t\u00eam todos os seus pertences antes do check-out.  <strong>PRE\u00c7OS<\/strong><\/p>\n<p><strong>Per\u00edodo elevado<\/strong><\/p>\n<h4>95,00 euros por noite para 2 pessoas<\/h4>\n<p>  120,00 euros por noite para um m\u00e1ximo de 4 pessoas<br \/>\n<strong>Per\u00edodo baixo<\/strong> 80,00 euros por noite para 2 pessoas   <\/p>\n<\/div><\/div><\/div><\/div><\/div>\n","protected":false},"excerpt":{"rendered":"","protected":false},"author":1,"featured_media":0,"parent":0,"menu_order":0,"comment_status":"closed","ping_status":"closed","template":"100-width.php","meta":{"footnotes":""},"class_list":["post-1975","page","type-page","status-publish","hentry"],"_links":{"self":[{"href":"https:\/\/casasdofavacal.com\/pt-pt\/wp-json\/wp\/v2\/pages\/1975","targetHints":{"allow":["GET"]}}],"collection":[{"href":"https:\/\/casasdofavacal.com\/pt-pt\/wp-json\/wp\/v2\/pages"}],"about":[{"href":"https:\/\/casasdofavacal.com\/pt-pt\/wp-json\/wp\/v2\/types\/page"}],"author":[{"embeddable":true,"href":"https:\/\/casasdofavacal.com\/pt-pt\/wp-json\/wp\/v2\/users\/1"}],"replies":[{"embeddable":true,"href":"https:\/\/casasdofavacal.com\/pt-pt\/wp-json\/wp\/v2\/comments?post=1975"}],"version-history":[{"count":2,"href":"https:\/\/casasdofavacal.com\/pt-pt\/wp-json\/wp\/v2\/pages\/1975\/revisions"}],"predecessor-version":[{"id":1977,"href":"https:\/\/casasdofavacal.com\/pt-pt\/wp-json\/wp\/v2\/pages\/1975\/revisions\/1977"}],"wp:attachment":[{"href":"https:\/\/casasdofavacal.com\/pt-pt\/wp-json\/wp\/v2\/media?parent=1975"}],"curies":[{"name":"wp","href":"https:\/\/api.w.org\/{rel}","templated":true}]}}

Termos e condições

<div class="fusion-fullwidth fullwidth-box fusion-builder-row-1 fusion-flex-container has-pattern-background has-mask-background nonhundred-percent-fullwidth non-hundred-percent-height-scrolling" style="--awb-border-radius-top-left:0px;--awb-border-radius-top-right:0px;--awb-border-radius-bottom-right:0px;--awb-border-radius-bottom-left:0px;--awb-flex-wrap:wrap;" ><div class="fusion-builder-row fusion-row fusion-flex-align-items-flex-start fusion-flex-content-wrap" style="max-width:1248px;margin-left: calc(-4% / 2 );margin-right: calc(-4% / 2 );"><div class="fusion-layout-column fusion_builder_column fusion-builder-column-0 fusion_builder_column_1_1 1_1 fusion-flex-column" style="--awb-bg-size:cover;--awb-width-large:100%;--awb-margin-top-large:0px;--awb-spacing-right-large:1.92%;--awb-margin-bottom-large:20px;--awb-spacing-left-large:1.92%;--awb-width-medium:100%;--awb-order-medium:0;--awb-spacing-right-medium:1.92%;--awb-spacing-left-medium:1.92%;--awb-width-small:100%;--awb-order-small:0;--awb-spacing-right-small:1.92%;--awb-spacing-left-small:1.92%;"><div class="fusion-column-wrapper fusion-column-has-shadow fusion-flex-justify-content-flex-start fusion-content-layout-column"><div class="fusion-text fusion-text-1"><p><strong>TERMOS E CONDIÇÕES DO SERVIÇO</strong> Ao reservar connosco, concordas com os seguintes termos e condições.<br />
Se tiveres alguma questão ou dúvida sobre a reserva connosco, contacta-nos com antecedência para obteres mais informações.   <strong>POLÍTICA DE RESERVA E CANCELAMENTO</strong></p>
<p><strong>Política de reservas</strong></p>
<div>As reservas são confirmadas com o pagamento antecipado de 50% do custo.</div>
<div>Paga o saldo restante uma semana (7 dias) antes da chegada.</div>
<p>  Reservas efectuadas por transferência bancária, IBAN PT50003502190001490593028, o cliente terá 48 horas para efetuar a transferência e enviar o comprovativo para https (endereço do site).<br />
Estadia mínima de 2 noites.   <strong>Política de cancelamento</strong></p>
<ul>
<li>15 ou mais dias antes da chegada &#8211; o cancelamento pode ser efectuado sem custos e o depósito reembolsado</li>
<li>Entre 7 e 14 dias antes da chegada &#8211; penalização de 50%.</li>
<li>Menos de 7 dias antes da chegada &#8211; penalização de 100% do valor total da reserva</li>
<li>Não comparência &#8211; penalização de 100% do valor total da reserva</li>
</ul>
<p>  Reservamo-nos o direito de anular a reserva, caso em que todos os pagamentos já efectuados serão reembolsados.<br />
Nesta eventualidade remota de cancelamento, a nossa responsabilidade perante o cliente limita-se ao reembolso dos pagamentos já efectuados.<br />
Os clientes que necessitem de cancelar uma reserva devem contactar-nos o mais rapidamente possível. <strong>TERMOS E CONDIÇÕES</strong> Ao reservar connosco, aceita os seguintes termos e condições.<br />
Se tiveres alguma questão ou dúvida sobre a reserva connosco, contacta-nos antecipadamente para mais informações. <strong>DECLARAÇÃO DE PRIVACIDADE</strong> Esta declaração de privacidade é válida para https/&#8230;&#8230;&#8230;&#8230;&#8230;&#8230;.<br />
que pertence e é gerido por Peter John Craft.<br />
Esta Declaração de Privacidade descreve a forma como recolhemos e utilizamos a informação, que pode incluir dados pessoais que nos indiques neste sítio. <strong>Recolha de informações</strong> Os tipos de informações pessoais que recolhemos incluem &#8211; O teu nome, morada, endereço de correio eletrónico e número de telefone.       </p>
<ul>
<li>Dados do cartão de crédito (tipo de cartão, número do cartão de crédito, nome do titular do cartão, data de validade e código de segurança).</li>
<li>Informações sobre a estadia do hóspede, incluindo datas de chegada e partida, pedidos especiais efectuados, notas sobre as preferências de serviço (incluindo preferências de quarto, comodidades ou quaisquer outros serviços utilizados).</li>
</ul>
<p>  A informação que forneces sobre as tuas preferências de marketing ou através da participação em inquéritos, concursos ou ofertas promocionais. <strong>Finalidade do processamento</strong> 1 Reservas: Utilizamos os teus dados pessoais para completar e gerir a tua reserva online.<br />
2 Serviço de apoio ao cliente: Utilizamos os teus dados pessoais para prestar apoio ao cliente.<br />
3 Comentários dos hóspedes: Podemos utilizar os teus dados de contacto para te convidar por e-mail a escrever um comentário após a tua estadia.<br />
Ao fazê-lo, podes ajudar outros viajantes a escolher o alojamento mais adequado.<br />
Se enviares um comentário, este poderá ser publicado no nosso sítio Web.<br />
4 Actividades de marketing: Também utilizamos os teus dados para actividades relacionadas com marketing, conforme permitido por lei.<br />
Quando utilizamos os teus dados pessoais para fins de marketing direto, tais como newsletters comerciais e comunicações de marketing sobre novos serviços e produtos ou outras ofertas que pensamos que te possam interessar, incluímos uma ligação que podes utilizar se não quiseres que te enviemos mensagens no futuro.<br />
5 Outras comunicações: Poderá haver outras ocasiões em que te contactemos por e-mail, correio, telefone ou mensagem de texto, dependendo dos dados de contacto que partilhes connosco.<br />
6 Âmbito legal: Em certos casos, precisamos de utilizar as informações que nos forneces, que podem incluir dados pessoais, para tratar e resolver litígios ou queixas legais, para investigações legais, para executar acordos ou para responder a pedidos legais das autoridades competentes (por exemplo, comunicações ao SEF), na medida em que tal seja exigido por lei.<br />
Se utilizarmos meios automatizados para processar dados pessoais que tenham efeitos legais ou que te afectem significativamente, implementaremos medidas adequadas para salvaguardar os teus direitos e liberdades, incluindo o direito de obter intervenção humana. <strong>NÚMERO DE HÓSPEDES</strong> O número máximo de hóspedes por quarto está indicado nos detalhes de ocupação do quarto no sítio Web.<br />
Quando a pessoa que efectua a reserva é diferente do hóspede principal que assume a ocupação, a primeira pessoa pode ser considerada responsável pelo cancelamento, não chegada e danos, tal como estabelecido.<br />
Apenas o hóspede principal e a pessoa que efectuou a reserva estão autorizados a utilizar a propriedade e as suas instalações, quaisquer visitantes terceiros só têm acesso com a nossa autorização expressa.<br />
Os hóspedes concordam em respeitar a privacidade e a paz de todos os outros hóspedes, vizinhos e proprietários.<br />
Reservamo-nos o direito de cancelar uma reserva com efeito imediato se os hóspedes não honrarem este acordo. <strong>CHECK-IN E CHECK-OUT</strong> &#8211; Faz o check-in a partir das 15:00 horas.<br />
Permitimos check-ins tardios, a pedido do hóspede e sujeitos a confirmação.<br />
&#8211; Faz o check-out até às 11:00 horas do dia de partida. <strong>WI-FI </strong> Quando o acesso à Internet Wi-Fi é fornecido, os hóspedes aceitam utilizá-lo de forma justa e adequada. <strong>DANOS </strong> Reservamo-nos o direito de cobrar aos hóspedes quaisquer danos causados no decurso de uma reserva por qualquer membro do grupo de reserva.<br />
Isto inclui quebras, derrames, manchas, danos na mobília, acessórios ou acessórios.<br />
Quaisquer danos acidentais devem ser comunicados o mais rapidamente possível, de modo a minimizar os danos e os custos associados. <strong>BENS PERDIDOS</strong> Qualquer bem perdido deixado pelos hóspedes, se for descoberto e encontrado, será guardado por um período de 1 mês.<br />
Faremos o nosso melhor para devolver a propriedade perdida aos proprietários, mas não aceitamos qualquer responsabilidade na substituição de objectos perdidos.                   Recomendamos aos hóspedes que se certifiquem de que têm todos os seus pertences antes do check-out.  <strong>PREÇOS</strong></p>
<p><strong>Período elevado</strong></p>
<h4>95,00 euros por noite para 2 pessoas</h4>
<p>  120,00 euros por noite para um máximo de 4 pessoas<br />
<strong>Período baixo</strong> 80,00 euros por noite para 2 pessoas   </p>
</div></div></div></div></div>
